59019 a prime number?
True
Is 3295563459 composite?
True
Is 396175613 prime?
False
Is 181097321 a composite number?
False
Is 10264564561 a prime number?
False
Is 180035809 composite?
False
Is 300892859 composite?
True
Is 15701811347 prime?
True
Is 50481570691 composite?
False
Is 39405379451 composite?
False
Is 55499988299 a prime number?
False
Is 9872211191 a composite number?
True
Is 1263263395 a composite number?
True
Is 114586361 a prime number?
True
Is 5130218491 a composite number?
True
Is 400479817 a composite number?
False
Is 21117388237 a prime number?
False
Is 65098763753 composite?
True
Is 124878877 prime?
True
Is 82009997 a composite number?
False
Is 23525947379 composite?
True
Is 21880634813 composite?
True
Is 1807512613 prime?
False
Is 179919769 composite?
False
Is 23473303567 a composite number?
True
Is 22259386007 a prime number?
True
Is 978333091 a composite number?
False
Is 368885119 composite?
False
Is 1211746573 prime?
False
Is 2058762163 a prime number?
True
Is 239973299 a prime number?
True
Is 863471231 a prime number?
False
Is 4485680729 a prime number?
False
Is 824655751 a prime number?
False
Is 37322794331 a prime number?
True
Is 46909301 composite?
True
Is 883936223 prime?
True
Is 1176004187 prime?
False
Is 300100081 prime?
False
Is 24098933477 a prime number?
True
Is 27520902221 composite?
False
Is 5102023565 composite?
True
Is 12365038229 composite?
False
Is 3201892819 a composite number?
True
Is 49254690211 prime?
False
Is 139003663859 a composite number?
False
Is 888758681 composite?
True
Is 3745512767 a composite number?
True
Is 2054478991 composite?
False
Is 13374561581 prime?
True
Is 23268721249 prime?
False
Is 3625924229 a composite number?
False
Is 207795703 a composite number?
False
Is 60336448349 a composite number?
False
Is 184087239169 composite?
False
Is 29361905291 a composite number?
False
Is 1921004081 a composite number?
False
Is 133071639 a composite number?
True
Is 14069773571 composite?
True
Is 418109723 a composite number?
False
Is 136660322023 a prime number?
False
Is 8481738703 composite?
True
Is 1092825529 composite?
True
Is 1139770447 a composite number?
False
Is 25077592999 a prime number?
False
Is 17052999941 a prime number?
False
Is 8536400363 prime?
False
Is 20904589193 a prime number?
True
Is 11337304513 a composite number?
False
Is 6192547411 prime?
False
Is 222434927993 prime?
False
Is 4020967921 composite?
True
Is 47977708063 composite?
False
Is 4414082821 a composite number?
False
Is 7103782159 a composite number?
True
Is 102124488673 composite?
False
Is 46156020613 a prime number?
False
Is 9977228257 a composite number?
True
Is 46044472147 prime?
False
Is 1412162357 prime?
False
Is 57372381169 prime?
False
Is 2016922597 a composite number?
False
Is 4172318789 a prime number?
False
Is 323749586 prime?
False
Is 63774363769 prime?
False
Is 11523793727 prime?
True
Is 82802688143 composite?
True
Is 83647637 a prime number?
True
Is 1038040667 composite?
False
Is 67439262265 composite?
True
Is 683484041 a prime number?
True
Is 134514594169 composite?
False
Is 36934769 prime?
False
Is 5096910019 prime?
True
Is 586744549 prime?
True
Is 58870659283 prime?
True
Is 2200689503 composite?
True
Is 4118032727 prime?
False
Is 4498277393 a composite number?
False
Is 32948533 a composite number?
True
Is 185827987571 prime?
False
Is 1677929329 a prime number?
False
Is 3714428671 a composite number?
False
Is 32678224847 prime?
False
Is 75185458253 composite?
True
Is 7241244817 composite?
True
Is 21679514069 composite?
True
Is 14246984497 prime?
True
Is 33637975697 a composite number?
False
Is 60855428227 a prime number?
False
Is 78256124803 prime?
False
Is 116613642121 a prime number?
False
Is 3270737143 prime?
True
Is 430549271401 a prime number?
True
Is 9461052371 a composite number?
True
Is 808404287 a composite number?
True
Is 77438482507 a composite number?
False
Is 2629934639 a prime number?
False
Is 4167263627 a prime number?
True
Is 8214293 prime?
True
Is 4181994899 prime?
True
Is 9217751 composite?
True
Is 13126858351 a composite number?
True
Is 667468957 composite?
False
Is 10598385178 prime?
False
Is 64268146543 composite?
True
Is 54324581 prime?
True
Is 1557811063 a prime number?
True
Is 14748057979 a prime number?
True
Is 44320363603 a composite number?
True
Is 379278071 a composite number?
True
Is 1815941891 a prime number?
False
Is 2534561257 a prime number?
True
Is 382874321 a prime number?
True
Is 10406476874 a prime number?
False
Is 38848807801 a prime number?
False
Is 3156254951 prime?
True
Is 518150401 prime?
True
Is 160839277 composite?
True
Is 17546053985 a composite number?
True
Is 14413568527 composite?
True
Is 22996526141 a prime number?
True
Is 8458131817 composite?
False
Is 1272256967 a prime number?
False
Is 314566707491 prime?
True
Is 145374693 a composite number?
True
Is 54862494997 composite?
False
Is 1371168167 a composite number?
True
Is 11495259679 a composite number?
True
Is 350935673 a composite number?
True
Is 86799007 a prime number?
True
Is 2509864783 composite?
False
Is 6850264757 composite?
True
Is 14532849641 prime?
True
Is 646099813 a prime number?
False
Is 9062016703 composite?
False
Is 4384722229 prime?
False
Is 67070357 a prime number?
True
Is 192668449 composite?
False
Is 830649451 a prime number?
False
Is 1396685257 composite?
True
Is 7565013307 prime?
False
Is 2592823179 a prime number?
False
Is 1792050803 prime?
False
Is 33338246549 prime?
False
Is 77289951979 prime?
True
Is 2017651217 prime?
True
Is 615830573 prime?
False
Is 472999391 prime?
True
Is 11929013279 a prime number?
True
Is 25252603517 a composite number?
True
Is 941572529 prime?
True
Is 15801331327 a composite number?
False
Is 2269807301 composite?
True
Is 8608472969 a composite number?
False
Is 9524127127 a composite number?
True
Is 6386267887 prime?
True
Is 933171499 prime?
False
Is 11100456277 composite?
True
Is 581221871 prime?
False
Is 18289721159 a prime number?
False
Is 85094563 a prime number?
True
Is 1162762837 a prime number?
True
Is 16388312363 a prime number?
True
Is 213019151 a prime number?
True
Is 27933216793 prime?
False
Is 180959177479 a prime number?
True
Is 153383141 a composite number?
False
Is 12666971839 composite?
False
Is 251949379423 a composite number?
True
Is 29089283239 prime?
False
Is 6781583663 prime?
True
Is 2172928679 a composite number?
False
Is 24899833793 composite?
False
Is 13758369817 composite?
True
Is 14974008349 a prime number?
True
Is 1594616923 a prime number?
False
Is 5522317289 composite?
True
Is 4031692829 prime?
True
Is 36721006867 a prime number?
False
Is 3751923449 composite?
False
Is 4917937849 a prime number?
False
Is 125673749 composite?
True
Is 926762909 a prime number?
True
Is 1937648821 prime?
False
Is 56816889529 prime?
False
Is 8753364317 composite?
False
Is 45401754239 composite?
False
Is 103833729671 a prime number?
False
Is 53016295699 a prime number?
True
Is 17658937411 a composite number?
False
Is 1194067997 prime?
True
Is 1684393561 a composite number?
False
Is 3185590021 composite?
True
Is 857299909 composite?
False
Is 756748963 prime?
False
Is 2396241971 a prime number?
True
Is 200751061279 composite?
True
Is 942396947 a prime number?
True
Is 810246623 a composite number?
True
Is 720903767 a composite number?
True
Is 88203609561 composite?
True
Is 359373079 a prime number?
False
Is 2166819221 composite?
True
Is 219590585177 prime?
True
Is 5431051085 a prime number?
False
Is 154920323 prime?
True
Is 4917877357 composite?
True
Is 28015898083 a prime number?
True
Is 1154510309 composite?
True
Is 78086885869 prime?
False
Is 657373733 prime?
False
Is 398731049 a prime number?
False
Is 2196471913 composite?
False
Is 9377879257 a prime number?
False
Is 70267541323 prime?
False
Is 27071825159 a prime number?
True
Is 84867847 a prime number?
True
Is 8516099665 prime?
False
Is 11391531787 composite?
False
Is 2792035399 a composite number?
True
Is 13705264073 prime?
True
Is 41859643591 a composite number?
False
Is 6023569427 composite?
True
Is 16491863 a prime number?
False
Is 453222761 a prime number?
True
Is 1170874347 prime?
False
Is 2316112741 a composite number?
True
Is 1969121459 a prime number?
True
Is 981833131 prime?
False
Is 